+ 90297*q. Calculate t(4).
50
Let c(b) be the third derivative of b**6/120 + b**5/12 - b**4/4 + 3*b**3 - b**2 + 3*b - 10. What is c(-6)?
18
Let p(z) = -8*z**3 + 2*z**2 + 2*z - 3. Let i be -13 - (-138)/6 - 4*2. What is p(i)?
-55
Let q(v) = -v**2 - 3*v + 7. Let s be q(-4). Suppose 5*m + 36 = 46. Let h(y) = s + 18*y - 5*y - 9*y + 4 + y**m. Give h(-5).
12
Let v(k) be the third derivative of -k**7/1260 + k**6/240 - k**5/30 + 22*k**3/3 - 268*k**2. Let a(w) be the third derivative of v(w). What is a(-6)?
27
Let o(m) = 5*m + 24 + 7*m - 28*m**2 - 21*m**2 + 48*m**2 - 4*m. Determine o(8).
24
Let f(o) = o**2 + 17*o + 8. Suppose -4*z - 28 - 52 = -3*l, -3*l = -24. Calculate f(z).
-34
Let r(z) = 50*z - 30 - 51*z + 21. Determine r(-10).
1
Let o = 6 + 4. Let h be 0 + 2*(-16)/(-8) + -2. Let c(p) = 4 - 2*p + 12*p - p**h + 11*p**2 + 0*p**2 - p**3 - p**2. Determine c(o).
4
Let a = 25 + -25. Let q be (a + 1)/(-2)*0. Suppose q*i + 2*i = 10. Let w(c) = -c**2 + 4*c + 4. Give w(i).
-1
Let o(v) be the first derivative of 0*v + 1/6*v**3 - 5 + 1/24*v**4 - 15/2*v**2. Let f(m) be the second derivative of o(m). What is f(0)?
1
Let n(c) = 14*c + 186. Let v(w) = -42*w - 519. Let u(t) = -14*n(t) - 5*v(t). What is u(5)?
61
Let b(t) = 2*t**2 - 17*t + 29. Let q(a) = -3*a**2 + 26*a - 44. Let u = 216 + -208. Let x(o) = u*b(o) + 5*q(o). Calculate x(8).
28
Let j = 10727 + -10733. Let w(h) = -2*h - 5. What is w(j)?
7
Let k(p) = p**3 - 4*p**2 - 3*p - 4. Let q be k(5). Let s(d) = 3*d - q + 0*d + 8. Suppose 4*y - 4*l + 20 = 0, 2*y - 2*l = -7*l + 4. Determine s(y).
-7
Let y(r) = -9*r - 2969 - 2937 + 5842. What is y(-7)?
-1
Let p(x) = -2*x**2 - 12*x + 2. Let q be p(-6). Let v = -12 + 14. Let s(n) = -4*n + n - 39*n**v + 3 + 38*n**q. Determine s(-3).
3
Let y(z) = -123 - 116 + z - 116 + 357. Give y(-14).
-12
Let o(l) = -125*l**3 - l - 2. Let p(a) = 21*a**3 - a**2 + a + 1. Let v(y) = -o(y) - 6*p(y). Calculate v(4).
8
Suppose 8*a = 3*a + 85. Let c(i) = i**2 - a + 20*i - 13*i + 16. Give c(-6).
-7
Let t(h) be the third derivative of 15*h**2 + 0*h - 1/120*h**5 + 1/360*h**6 + 11/12*h**4 + 23/6*h**3 + 0. Let j(a) be the first derivative of t(a). Give j(0).
22
Let a(j) be the second derivative of -j**5/20 - 19*j**4/12 - j**3/6 - 47*j**2/2 + 12*j + 14. Calculate a(-19).
-28
Let j(q) = -2*q**2 - 5*q + 7. Let u(l) = -l**2 - 3*l + 3. Let k(i) = -4*j(i) + 9*u(i). Let a = -2237 - -2231. What is k(a)?
5
Let v(a) be the third derivative of -a**4/6 + 399*a**2. Let z = 33 + -17. Let l = 17 - z. What is v(l)?
-4
Let g(o) = 539*o + 2. Let m(v) = 465*v + 1. Let h(z) = 6*g(z) - 7*m(z). Give h(1).
-16
Suppose 57 = -5*p + 16*n - 12*n, 5*n = -p + 6. Let b(z) = 2*z + 10. What is b(p)?
-8
Let c(j) = -3*j**2 + 8*j - 5. Let v(g) = g**2 - 7*g + 10. Let k(p) = -p**2 + 6*p - 8. Let m(x) = -5*k(x) - 4*v(x). Let y(w) = c(w) + 2*m(w). Determine y(5).
-10
Suppose -122*f + 185 = 917. Let g(k) = -k**3 - 7*k**2 - 2*k + 7. What is g(f)?
-17
Let k(i) be the second derivative of i**3/2 - 69*i**2/2 - 651*i. Give k(21).
-6
Let w(y) = -y - 7. Suppose z - 6*z + 10 = 0. Suppose -2*s - z*j = -6, 5*s - 4*j - 38 = 4. Determine w(s).
-13
Let a(q) = q**3 + 5*q**2 - 2*q + 2. Let s(z) = 4*z**2 - z - 27. Let b be s(-5). Let d = b + -81. Determine a(d).
26
Let x be 40/70 - (-24)/7. Suppose -x*p = -3 - 13. Suppose 21 = -5*a - p*g, a + 4*g - g = -13. Let h(y) = -3*y**3 - y**2 - 2*y - 1. Determine h(a).
3
Let a(k) = k - 13. Let m(y) = 5*y**2 - 35*y - 43. Let z be m(15). Suppose 0 = -11*p - 414 + z. What is a(p)?
0
Let r = -162 + 102. Let y = 1769 + -1779. Let q be (24/y)/((-3)/(r/(-8))). Let j(v) = -v**3 + 6*v**2 + 3*v - 5. Determine j(q).
13
Suppose -n + 12 = 5*c - 4, -102 = 5*n - c. Let u(x) = -5*x - 89. Give u(n).
6
Let g(k) be the third derivative of k**6/240 + k**5/6 - 3*k**4/8 - k**3/2 + 326*k**2. Let p(n) be the second derivative of g(n). What is p(-8)?
-4
Suppose -30*m + 108 = -3*m. Let g(s) = 2*s + 15. Determine g(m).
23
Let y be -2*(-4 - 170/(-20)). Let o(n) = 5*n**2 + 15*n + 6. Let x(m) = 14*m**2 + 44*m + 18. Let q(r) = 11*o(r) - 4*x(r). Calculate q(y).
12
Let n(h) = 5*h**2 + 6*h - 2. Let r(j) = j**2 + j - 1. Let t(p) = n(p) - 4*r(p). Let x = -548 + 546. Determine t(x).
2
Let b(j) be the second derivative of -7*j**3/6 - 29*j**2/2 + 7*j - 6. Give b(-6).
13
Suppose 0*i - 12 = -4*i. Let b(l) be the second derivative of -l**3/6 + 415*l - 2. Determine b(i).
-3
Let u(q) = 624*q**3 - 9*q**2 + 59 - 66 - 623*q**3. Let r be (-3)/3 - (5 + -37). Suppose -4*c = -5 - r. What is u(c)?
-7
Let f be (27 - 1)/(7/14). Let k = -49 + f. Let a(n) = n - 1. Let g(l) = 2*l - 2. Let p(o) = -3*a(o) + 2*g(o). Calculate p(k).
2
Let g(p) = -p**2 - 8*p - 5. Let j be 11/5 + (-12)/60. Suppose j*f - 8 = 54. Let q = f - 37. What is g(q)?
7
Let t = 7 - 4. Let w(a) = -837*a - 4 + 82*a + 748*a. Determine w(t).
-25
Let x(p) = -2*p**2 + 4*p - 4. Let i(n) = 3*n**2 - 9*n + 8. Let z(w) = -2*i(w) - 5*x(w). Let b(a) = 7*a**2 - 5*a + 8. Let o(g) = -3*b(g) + 5*z(g). Give o(5).
-4
Let d be (-5 - 0)*-1 - 191. Let q = 191 + d. Let g(c) = -c**2 + 2*c + 10. What is g(q)?
-5
Let h(t) = 24*t**2 + 11*t + 12. Let w be h(-4). Let n be (-4)/10 - (-8 + w/20). Let m(g) = g. Give m(n).
-10
Let f(i) = -i**3 - 37*i**2 - 5*i + 12. Let h(q) = -q**3 - 46*q**2 - 6*q + 13. Let o(l) = 4*f(l) - 3*h(l). Give o(-10).
29
Let a = 852 + -857. Let m(n) = -n**3 - 5*n**2 - 5*n - 6. Give m(a).
19
Let u(a) = 370*a - 117283. Let q be u(317). Let b(w) = -3*w - 6. Let i(f) = -2*f - 6. Let t(y) = -3*b(y) + 4*i(y). Determine t(q).
1
Let g(q) = -2*q**3 + 4*q**2 - 4*q + 2. Let o be (-7 - 1)/(0/3 - 2). Suppose -2*j = -o*d + 1 + 1, -d - 2*j = -8. Determine g(d).
-6
Let f(g) = -11*g + 21. Let m(y) = 5*y - 10. Let p(s) = -6*f(s) - 13*m(s). Let d = 2330 + -2337. Give p(d).
-3
Let k(y) = 265*y + 4768. Let x be k(-18). Let i(l) = -4*l + 3 - 6*l + l - 4. What is i(x)?
17
Let c = -88667 - -88667. Let u(r) = r. Let m be u(0). Let x(k) = m*k + 0*k - 22 - k**2. Give x(c).
-22
Let t(b) = -b**3 + 2*b - 1 + 0 - 4*b**3 + 6*b**3 + 8*b**2. Suppose 0*k = 2*x - 3*k + 4, x + k = -12. Determine t(x).
-17
Let h = -19 - -30. Let p be -4 + h - (1 - -1). Let m(a) be the second derivative of a**4/12 - a**3/3 - 7*a**2/2 - 6*a - 2. Determine m(p).
8
Let h(i) = 25*i**3 - 84*i**2 - 462*i - 62. Let n(m) = -7*m**3 + 24*m**2 + 132*m + 18. Let f(j) = 5*h(j) + 18*n(j). Calculate f(16).
46
Let l(o) = -o**2 + 2. Let f be l(0). Let r(w) = 3*w + 192. Let b be r(-32). Let h(u) = -283*u + 90*u + b*u + 98*u. Determine h(f).
2
Let n = -66 + 26. Let k be -27 + (-1)/((-3)/(-9)). Let i = k - n. Let m(b) = b**2 - 11*b + 14. What is m(i)?
4
Let w be -7*(2/4)/(182/(-416)). Let b(k) = 12*k - 8. Let h(y) = 15*y - 9. Let x(o) = 6*b(o) - 5*h(o). Give x(w).
-27
Let b(n) = -4*n**2 + 13*n + 27. Let l(f) = -f**2 + 1. Let g(x) = -b(x) + 6*l(x). Let k(p) = -p**2 - 7*p - 10. Let r(u) = -2*g(u) + 5*k(u). Determine r(-8).
0
Let o = -292694 - -292696. Suppose 0*r + 4*r - 4 = 0. Let c(a) = -2 + r - 7*a + 4. Determine c(o).
-11
Let g(y) = 4*y**2 - 7*y + 1. Let u(a) = -10*a**2 + 22*a - 3. Suppose 14 = -4*k + 26. Let o(q) = k*u(q) + 8*g(q). Calculate o(-5).
-1
Let y(q) = -95 + 47 + 47 - q + 7*q. Let g(x) = -19*x + 5. Let j(r) = -2*g(r) - 7*y(r). Let t(s) = s - 12. Let m be t(10). Calculate j(m).
5
Let v(y) = -9*y - 15. Let j(d) = 14*d + 23. Suppose 13 = h - 2*r, 2*h = h + 3*r + 17. Let w(x) = h*j(x) + 8*v(x). Let b be -8 + -1*(0 + -2). Determine w(b).
7
Let r be 112/(-20)*1 + 126/(-315). Let a(f) = f - 24. Give a(r).
-30
Let d(r) = 4*r**2 + 9*r - 10. Let q be d(1). Let n(t) = -t**q + 8*t**2 - 10*t - 12*t + 6 + 21*t. Give n(8).
-2
Let q(p) = 4*p**2 + 7*p - 253. Let a be q(-9). Let m(n) be the first derivative of 2*n**2 + 4*n - 1. Determine m(a).
36
Let o(k) = 34*k - 190. Let m(f) = 28*f - 195. Let h(n) = 2*m(n) - 3*o(n). Give h(4).
-4
Let d = -103 - -98. Let s(h) = -4*h**3 - 20*h**2 - h - 2. Let y be s(d). Let v(b) = -2 + 17*b + y - 11*b + b**2 + 0*b. Give v(-5).
-4
Suppose 0 = 2*l - 150 - 150. Suppose -l = -21*r - 4*r. Let m(f) = f**3 - 6*f**2 - 6. Determine m(r).
-6
Let j(a) = 2*a**2 - 15*a - 22. Suppose 4*x + 0*x - 32 = 2*h, -32 = -4*x - 5*h. Determine j(x).
-14
Let y(d) = d**2 + 3*d + 67. Suppose 5*l - 3*w = 0, 0*l - l + w = 0. Let k be y(l). Let a = -59 + k. Let s(v) = -v**3 + 8*v**2 